2 + 5 - (-54 + 135 + 35).
-104
What is -4 - (-3 - -7) - ((0 - -54) + 8 + 0)?
-70
Calculate -12 + (9 - (1 - -6)) + 3 - (-5 - -86).
-88
Evaluate (-79 - -99 - 26) + 25.
19
What is the value of -6 - (3 + -5) - (24 + -43 + 34)?
-19
-66 - ((138 - 142) + -59)
-3
Calculate -50 + (38 - (-115 + 48)).
55
Calculate (11 - (5 - (5 - (-2 - -3)))) + 169 + -165.
14
38 - (10 + (-24 - -14) + 11 + -8)
35
What is -143 - (-40 - (40 + -101 - -45))?
-119
Calculate -1 + -72 - (-44 + (63 - 4) + -20).
-68
What is the value of 4366 + -4293 + -102 + 2?
-27
Evaluate -14 - (-11 + 22 + -53 - 4).
32
Calculate (-4 - 1 - 10) + -193 + 181.
-27
Evaluate -84 + -4 + 1674 + -1502.
84
(-8 - 35) + (-62 - (-46 - 57))
-2
4277 + -4266 + (31 - 1)
41
Calculate 2 + 9 + 1 - (28 + 26 + 0).
-42
What is the value of (3 + (-9 - (-12 + (-3 - -11))) - -3) + -2?
-1
(-127 - -48) + 95 + -40
-24
Evaluate -71 + 90 + 136 + -68.
87
13 + (-19 - (-1 + -11 + -23)) + -54
-25
What is -9 - (-1696 - -1699 - (0 + 18 - -1))?
7
What is (13 + -17 - (-7 - (-2 - 6))) + 118 + 16?
129
Calculate -1577 - -1611 - ((1 - 0) + 7).
26
Calculate (-3 - -3 - 3) + -16 + (13 - -1).
-5
What is the value of (-2 - -14 - (81 - 73)) + 8 + 12?
24
Evaluate -101 - (-99 - -40 - -10).
-52
What is the value of (73 - (-21 - -15)) + (-3 - 3) + (-13 - -1)?
61
Evaluate -18 - (2 - 1) - (-3876 - -3877).
-20
What is -1133 - -1223 - (41 - 3)?
52
Evaluate (-8 - 0) + (-17 - -109) + (13 - 17) + -10.
70
1 + 48 + -1 - 41 - -124
131
What is 1 + 46 + -1 + 11 + (57 - (49 + 13))?
52
-25 - (19 - 15) - (-6 - -4 - 5)
-22
What is the value of (285 - (28 - -226)) + (-2 - 3 - 0)?
26
24 + (82 + -122 - -115)
99
(34 - 94 - (0 - 51)) + -131
-140
What is the value of (-58 - -70 - 0) + (0 + -3 - 1) + 47?
55
Calculate 7 - (12 + 4) - (126 + -127).
-8
Evaluate 0 + (-16 + 40 - 104) - (-1 + -1 + -9).
-69
What is the value of 14 + (27 - 33) + -3 + -1 + -2 + -15?
-13
Evaluate (-8 - -10) + -4 - -13 - -4 - (1 - 9).
23
What is (-1531 - -1543 - (0 + 116)) + 7?
-97
Calculate 7 + (-46 - (-23 + -8)) + 18.
10
9 - (2 - 3 - 7 - -25)
-8
Evaluate 60 + -80 + 2 + 54.
36
Evaluate 7 + -3 + 5 - (-4091 + 3972).
128
Evaluate -110 + (-93 - (50 - 265)).
12
21 + 11 + 10 + (-5 + 7 - 5)
39
Calculate -134 - (65 - (48 + 88)).
-63
What is the value of 34 + -118 - (-78 + -41)?
35
Evaluate (-51 - -43) + 54 + -10.
36
-60 - (-28 + 3 + -19)
-16
Evaluate -2 + 80 + (827 - 867).
38
Evaluate (5 - 2 - (12 + 3 - 23)) + -3.
8
What is 11 + (-31 - -30) + -20 - 10?
-20
What is -48 + 77 - (16 - (27 - -15))?
55
What is -15 + (2 - 2) - ((-307 - -161) + 159)?
-28
-5 + 15 + -10 - 20 - -27
7
Evaluate (0 - (-96 - 2)) + (-4164 - -4137).
71
-7 + (25 + 4 + -12 - 5) + 3
8
Evaluate (-281 - -315) + (2 - 33).
3
What is the value of 696 + -729 + -11 + -6?
-50
What is 24 + (-17 - -22 - (-1 - -2)) + 2 + -8?
22
Evaluate 34 + 9 + -24 + -9 + -24.
-14
(9 + -19 - -16) + (9 - (8 + -8 + 0))
15
What is the value of 5 - (4 + 12) - (7 - (-9 + 40))?
13
Calculate -34 - (-81 - (37 + -63)).
21
Calculate 16 + 6 - (3 - (-4 - (-9 + -2))).
26
Evaluate -9 + (18 - (-7 + 5)) + -5 - (2 + 57).
-53
Calculate (-6 - -2) + 100 + 8 + (261 - 272).
93
What is the value of (-44 - -98) + -98 + 36 + 61 + (-1 - 0)?
52
Evaluate (-39 - -13) + (-18 - 24 - -21).
-47
Evaluate 25 + (11 - (10 + -8 + 25)).
9
-126 + 5 + (-4619 - -4671)
-69
Calculate 13 + (-96 - (23 - 80)).
-26
Calculate -1669 + 1704 + (-3 - -17).
49
What is the value of 5 + -4 + (-140 - -127 - (0 + 26))?
-38
What is the value of 373 - 422 - (-22 - 1)?
-26
Evaluate 88 + -1 + (-52 + -6 - -53) - 1.
81
(7 - -2) + 1 + (35 - (83 - 40)) + -7
-5
What is 2 - 12 - (-1 - -6 - (-18 - (-66 + 38)))?
-5
What is 28 - (-33 + (-45 - -76 - 4))?
34
-1 - 2 - (50 + 20 + -83) - (0 + 61)
-51
What is -16 + 14 - (-75 + 134)?
-61
What is (-2 - (2 + -14)) + 35 + -64 + 2 + -10?
-27
What is 0 + 40 - (9 - 5 - 5)?
41
What is 55 + (-10 - (12 - -90))?
-57
-447 + 395 - (14 - 150)
84
What is 102 - (-27 + (20 - -50))?
59
Evaluate -5 + (-4 - 5) - (-4 - (-13 - -17)).
-6
What is 29 + 26 + 56 - 56?
55
Evaluate 24 + -31 + -14 + (14 - 17).
-24
What is the value of (-91 - (1 + -57)) + 73?
38
Calculate (4 + 6 - 37) + 6 + (0 - -9) + 1.
-11
What is the value of -137 + 47 - (149 - 311)?
72
What is -2 + -20 - ((70 - 71) + -56)?
35
Evaluate -27 - (16 + -131 - -21).
67
Calculate -11 + 3 + 10 + -17 + 11 - 0.
-4
Calculate 5 + -17 - (-14 - -4 - 1).
-1
Evaluate 13 - ((-64 - -138) + -96).
35
26 - (-13 + 17) - (33 - -70)
-81
97 + (53 - 102) - 18
30
What is the value of 3 - (0 - 10) - ((57 - 36) + -2)?
-6
(-12 + 10 - (-29 - (4 - -7))) + 9
47
What is the value of (-32 + -2 - -2) + (507 - 516) + (2 - 12)?
-51
What is the value of 81 + -35 - 91 - -30?
-15
26 - (381 + -320 + (1 - 3))
-33
(-6 + -5 + -35 - -10 - (8 + -11)) + 5
-28
What is the value of (4 - 7) + 5 + 3 - (-8 + -14)?
27
-12 + (-4 - (-20 + (8 - 1))) + 13 - -17
27
(-43 - -85) + -71 + -49
-78
What is 7 + 7 + -94 + -573 + 600?
-53
Evaluate (3 - (-16 - -25)) + (12 - 0) + (-4 - -2).
4
What is -44 - ((-14 - -1) + -61)?
30
Calculate 25 + -1 + 0 + -31 + 11 + 9 - -5.
18
What is the value of (-15 - (8 - 10)) + -13 + 71?
45
Evaluate (10 - (8 + 16)) + (-43 - -39) + 49.
31
What is the value of 40 + -40 + 7 - 25?
-18
What is the value of -5 + 12 + -2 + -35 + -36?
-66
(4 - -1) + -11 + -8 - (38 - 76)
24
Calculate 4 - (-19 - -49 - 52) - (14 + 0).
12
Calculate (7 - (2 - (2 + (-13 - -16)))) + (27 - 1).
36
0 + 1 + 1835 + -1855
-19
What is the value of -35 + (-6 - 12 - (-11 - 23))?
-19
Calculate -6 - -9 - -32 - 53.
-18
What is the value of -257 + 43 + 194 - (1 + -33)?
12
Calculate -2 + 210 + -112 + -109 + (1 - 0) + 11.
-1
Evaluate (-1 - -8) + (-52 - -64) + -74.
-55
What is the value of (-6 + (5 - 10) - (65 - 18 - 6)) + -16?
-68
Evaluate (-5 - (-27 + 24 + (7 - 22))) + -14.
-1
Calculate 121 + (-96 - -167 - 114).
78
What is the value of -1 + 13 + 1 + -296 + 638 + -347?
8
What is the value of ((-11 - (-4 - 2)) + 48 + 14 - 2) + -7?
48
What is the value of -4 + -9 + 6 + 7 - 6?
-6
Evaluate (1 - 23) + (18 - (-3 - (-5 + -28))).
-34
Calculate (9 - 46) + -48 + 14.
-71
What is the value of (-14 - -97 - 158) + 2 + -5?
-78
What is the value of -31 - (-34 + 9 + -4 + -9 + 19)?
-12
23 + -36 - 31 - 29
-73
What is 46 - (-70 + 74 - (-2 + -2 + 19))?
57
Evaluate 51 - (80 - -6) - -2.
-33
(10 - -1) + 152 + -130 - 35
-2
What is the value of (0 - 1) + (179 - 176) - 34 - -3?
-29
(24 - (91 - -16) - 29) + 27
-85
-17 + -14 + -4 + 5 + 7
-23
What is the value of 134 + -72 + -125 - (-1 + -9)?
-53
Evaluate (-3 - (-29 - -10)) + -79 + 2 + 7.
-54
What is -25 - (0 - (8 - (2 + 4 - -11)))?
-34
Evaluate -42 + -3 + 300 + -257 + (81 - (-2 - 0)).
81
What is 18 - (18 + 2 + 46)?
-48
What is -43 + (-4 - (14 - 30 - -8)) + -5?
-44
17 - ((792 - 783) + (-2 - 75))
85
25 + 55 + -74 - 114
-108
Calculate -14 - 3 - (42 - 29).
-30
Evaluate (9 - (25 - 10) - 6) + (0 - -10).
-2
Evaluate -2 - (-2 + -9 - (-13 - (3 + -4))).
-3
Calculate -64 + 29 - (1 + 1 + -3 + 0 + 5).
-39
0 + 1 + 22 + (-86 + 13 - -20)
-30
What is the value of -63 + (26 - -16) + (0 - 29)?
-50
Calculate (-68 - 25) + -115 + 319.
111
What is 40 - (81 + -86 - (-1 + 3 + -1 + 0))?
46
What is 49 + -50 + 64 - (-3 - 0)?
66
16 - (21 + -8 + -11 + (4 - 8) + 7)
11
(-499 - -395) + (47 - -11)
-46
Evaluate (-83 - -6) + 8 + (-53 + 32 - (-13 + 4)).
-81
Evaluate (-1 + 23 - (8 + -5)) + 14 + -3.
30
What is (18 - (-1 + 0) - -8) + (3 - (2 - 0))?
28
Evaluate (-1 - 21) + 1 - (-50104 - -50173).
-90
Calculate -38 - (7 - (11 - -25) - 61).
52
Evaluate 50 - ((6 - (20 + -24)) + -39).
79
Evaluate 32 + -11 + 22 - (-3 + -14).
60
Calculate -49 - (((12 - 6) + -10 - 14) + 9).
-40
17 + -68 + -14 + 39
-26
What is the value of (184 + -302 - -105) + 0 + 16?
3
What is the value of (-91 - (-58 - 17)) + (2 - 72)?
-86
What is the value of (33 + 155 + -49 - 57) + (1 - (10 + 2))?
71
What is the value of 85 + -53 + -41 + (1 - -1) + 0 + -100?
-107
What is -81 - (-89 - (10 - 52))?
-34
What is the value of (-9 - -9 - 8) + -2 + (0 + 10 - -51)?
51
Evaluate -7 + (2 - -5) - 4 - (-21 - (4 + -26)).
-5
Calculate (-34 - 3 - -4) + (22 - 15 - 20).
-46
Calculate 4 + (4 + 3 - -3) + -10 + -6 + 0.
-2
Calculate 15 - (-11 - ((-260 - -320) + (-2 - 19))).
65
What is (3 - 6 - (1 + -19)) + 6288 + -6293?
10
What is the value of 62 - (44 - -9) - (8 - -2)?
-1
Evaluate 1393 + -1261 + -98 + -6.
